).
4
Let t(f) = -5 + 4*f + f - 8*f - f. Determine t(-5).
15
Let t(k) = -9*k**2 + k + 2. Let n(x) = -45*x**2 + 6*x + 11. Let c(r) = 2*n(r) - 11*t(r). Determine c(-1).
8
Let q(m) be the first derivative of 5*m**2/2 + m - 2. Suppose 4*x = 3*d, 7*d - 4*d = -2*x - 18. Let b be 1/(x - (-4 + 2)). Calculate q(b).
-4
Let k(v) be the third derivative of v**7/5040 - v**6/120 + v**5/60 - 3*v**2. Let w(l) be the third derivative of k(l). Determine w(5).
-1
Suppose -2*v - a = -6*a + 7, -5*a - 35 = 5*v. Let t = v - -10. Let d(x) = 6*x**2 - 5*x**2 - t + 2*x + 0*x - 5*x. Give d(3).
-4
Let s(t) = -8*t - 4. Let y(k) = -8*k - 3. Let u(c) = 4*s(c) - 5*y(c). Calculate u(1).
7
Let p(g) = 5*g**3 - g**2 - g - 1. Suppose 4*y + 0*y + 4 = 0. Give p(y).
-6
Suppose -12 = 3*b, 2*b - 4 = 5*i + 3. Let x(k) = -2*k**3 - 15*k**2 - 17. Let a(p) = -p**3 - 8*p**2 - 9. Let s(n) = -11*a(n) + 6*x(n). Calculate s(i).
6
Let i(q) = -q - 11. Let x be (-9 + 4 + 5)/1. Determine i(x).
-11
Let h = -6 - -10. Suppose n - 3*n + 5*z = -3, -h*z - 1 = -3*n. Let u(y) = -5 - 4*y**2 + 4 + y + 2 + 2*y**2. Determine u(n).
-2
Let h be 1/((-4 - -3)/4). Let k = h - -4. Let o = -6 + k. Let x(c) = c**3 + 7*c**2 + 6*c - 3. Determine x(o).
-3
Suppose 2*m - o = -2*m + 17, -5*m - 4*o + 16 = 0. Suppose -b = b - m. Let a(v) be the third derivative of -v**6/120 + v**4/6 - v**3/2 - v**2. Calculate a(b).
-3
Let h(v) = 2*v - 5. Let x = 10 - 2. Let c = x + -3. What is h(c)?
5
Let o(y) = y**2 - 1. Let v(b) = b**3 - b**2 - 6*b + 3. Let g(i) = 6*o(i) + v(i). Determine g(-6).
-3
Suppose -2*v + 5*f + 4 = -0*v, 8 = 4*v + 4*f. Let u = v + 2. Let w(p) = -u*p + 2*p - 3*p + 1. Calculate w(-1).
6
Let w(b) = b + 1. Let h be w(3). Let z(f) = f**2 - 1 + h + 0*f + 4*f + 0. Calculate z(-4).
3
Let r(j) be the second derivative of -2*j**3 + j**2/2 - 3*j - 14. Let p = 2 + 2. Suppose -5*t = -2*a + 18, 17 = -0*a - a - p*t. Give r(a).
13
Let l(u) = u - 6. Suppose -3*t = -5 - 19. Determine l(t).
2
Let z(o) = -o**3 + 2*o**2 + 3*o + 2. Let l be z(3). Let a(p) be the second derivative of -p**5/20 + p**4/12 + 2*p**3/3 - 3*p**2/2 + 5*p. Determine a(l).
1
Let o be 2 + (-3)/3 - -3. Let n(q) = 5*q - q + o - 5*q. Calculate n(3).
1
Suppose 0 = 2*w - w + 2. Suppose -4*y = 4*s + s - 31, 7 = y + s. Let f(m) = 1 - 2*m + 0 - y. Give f(w).
1
Let p = -11 - -23. Suppose p = -v + 4*v. Let g(z) = 5*z. Let c(k) = -4*k. Let a(l) = -4*c(l) - 3*g(l). Give a(v).
4
Let h(m) = m**2 + 7*m + 2. Let r(i) = -2*i + 29. Let t be r(17). Determine h(t).
-8
Let f be (-9 - -11)/((-2)/(-4)). Let m = f + -4. Suppose -5*w - 12 - 13 = m. Let y(c) = c**3 + 6*c**2 + 5*c - 5. What is y(w)?
-5
Let o(x) be the first derivative of -x**4/4 - x**3 + 2*x**2 + 2*x + 9. What is o(-4)?
2
Suppose 9 + 6 = 5*x. Suppose 0*q + 3*q - 6 = 0. Let s(y) = 20*y + y**x - 1 + 0 - 5*y**q - 14*y. Calculate s(4).
7
Let g(w) = -w**2 - 5*w. Let v = -33 + 51. Suppose -1 = i, a = 5*a - 2*i + v. What is g(a)?
0
Let j(w) = w**2 + 0*w - 5*w**2 + 0*w**2 - w**3 + 2*w + 6. Calculate j(-4).
-2
Let n be (-1*(-7)/1)/1. Let c = n - 3. Suppose -m = -c*s - 5, -s - 10 = -5*s - 2*m. Let j(l) = -l - 5. Determine j(s).
-5
Let l(c) = -1. Let k(v) = -v - 4. Let b be (-2)/(-3) + 8/24. Let d(g) = b*k(g) + l(g). Calculate d(-6).
1
Let c be (1 + -1 + 2)/(22/(-33)). Let j(a) = -5 + 2 - 3*a + 2. Calculate j(c).
8
Let k(w) be the second derivative of 7*w**3/6 + w**2/2 + 62*w. Determine k(-1).
-6
Let y(s) be the third derivative of -s**6/120 - 7*s**5/60 - 5*s**4/24 + s**3/3 - s**2. Let m be 9/(-27) - 10/6. Let f = m + -4. Determine y(f).
-4
Let g(p) be the third derivative of p**6/120 + 7*p**5/60 - p**4/12 - 4*p**3/3 - 21*p**2. What is g(-7)?
6
Let d = -3 + 9. Let o be (-4)/d*(-10 + 1). Suppose -2*c = -4*c + o. Let q(g) = -5*g + 4. What is q(c)?
-11
Let u = 1 - 1. Suppose -1 + 3 = k, -3*k + 14 = 4*m. Let l(r) = 1 + r + m - 6 - 2*r. Determine l(u).
-3
Let c(r) = r**2 - 2*r - 4. Let w be c(-2). Let f(k) be the third derivative of k**2 + 0*k + 0 - 1/4*k**4 - 2/3*k**3 + 1/60*k**5. Determine f(w).
-12
Suppose 0*a + 8 = -4*a. Let b(g) = 3*g**2 + 8*g + 6. Let j(c) = -6*c**2 - 17*c - 13. Let i(t) = -9*b(t) - 4*j(t). Determine i(a).
-6
Let q(i) = i**3 - 5*i**2 + 3*i - 3. Suppose 7*s + 8 = 3*s. Let o be (-26)/4 - (-1)/s. Let a = o - -11. Give q(a).
-7
Let o(w) be the third derivative of 0 - 1/12*w**4 + 3*w**2 + 1/6*w**3 + 0*w. What is o(3)?
-5
Let t(b) = b**2 + 5*b + 3. Suppose 19 = 4*y + 3. Suppose -4*a - 16 = y. Determine t(a).
3
Let s(n) = 2*n - 42. Let a be s(23). Let d(p) = p**3 - 3*p**2 - 2*p - 1. Give d(a).
7
Let c(u) = -u**2 - u + 1. Let s(t) = -t**3 - 12*t**2 - 8*t + 13. Let d(x) = -5*c(x) + s(x). Determine d(-6).
-10
Suppose -2*c + 18 = n + 3*n, 18 = -2*c + 5*n. Let t(y) = -4*y**3 - 781*y**2 + 783*y**2 + 3 - 2 - 2. Calculate t(c).
-3
Let o(s) = s - 4. Let y be o(3). Let j(c) be the first derivative of -c**2/2 - c + 2. Calculate j(y).
0
Suppose -2*k - 3*k + 15 = 0. Let u(b) = -b + 1 - 3 + 0 - k. What is u(-6)?
1
Let d(n) = -n**2 - n - 4. Let t(i) = -i**2 - 12*i. Let m = 14 - 49. Let b be m/3 - (-1)/(-3). Let s be t(b). Determine d(s).
-4
Let h(t) = 2*t + 4. Suppose -2*k - 6 = 2. Give h(k).
-4
Let n(x) = 3*x**2 + x. Suppose -2*h + 6 = q, q = -q. Suppose -h*s + 3*p - 9 = -0*s, -5*s = -p - 1. Calculate n(s).
4
Let g(y) = -3*y**3 - 1. Let u(f) = f - 3 + 0 + 4 - 2*f. Let q be u(0). Give g(q).
-4
Suppose 2*t - 2*b = -2, -30 = -4*t - 5*b - 7. Let s(x) = -x**2 + 7*x - 1. Let q(n) = n**2 - 6*n + 1. Let m(g) = t*s(g) + 3*q(g). Determine m(5).
6
Let w(n) = 3*n - 3*n - 2*n - 5. Let o = -6 - -4. Let l be (-10)/4 - (-3)/o. What is w(l)?
3
Let w(q) = -5*q - 1 + q - 2*q. Suppose -2*s + 3*u + 2*u + 7 = 0, -2*s - 2*u = 0. Give w(s).
-7
Let j be 0 - 3*(-8)/12. Let s(t) = -t**3 + 2*t**2 + 3*t - 3. Give s(j).
3
Let z be 130/(-39)*((-6)/(-4))/1. Let h(i) = 3*i - 2*i + 2 + 0. Calculate h(z).
-3
Let c = 3 + -1. Let t(p) = 2 + 3 - 4 + p**c - p - 4. Determine t(4).
9
Let w(y) = -y + 1. Let v be 18/4 + (-7)/14. Suppose -5*o + 15 = s, -5*o = v*s - 2*o + 8. What is w(s)?
6
Let q(p) be the third derivative of -p**5/60 + p**4/4 - 2*p**3/3 - 5*p**2. Give q(5).
1
Let j(d) = -d**3 + 6*d**2 + 2*d - 7. Let o be j(6). Let r(m) = -m + 1 - o*m + 0*m + 2*m. Give r(2).
-7
Let t(k) = k**2 + 6*k + 2. Let g = -18 + 13. Let q be t(g). Let y(n) be the first derivative of 3*n**2/2 + 2*n - 14. Give y(q).
-7
Let r(l) be the third derivative of -l**6/40 + l**5/60 - l**2. Suppose h - 14 = -13. Calculate r(h).
-2
Let a = -2 - 4. Let o be a/3*10/(-4). Let z(t) = 0 - 1 + 4 - 5*t - o. Calculate z(2).
-12
Let p be (-8)/(-6)*3/2. Let v(x) = -4*x**3 - x**p + x**3 + x**3 - 1 - 3*x + 3*x**3. Determine v(3).
8
Let y(l) = l**3 - 7*l**2 - l + 5. Let g(h) = h**2 - h - 1. Let k(x) = -4*g(x) - y(x). Let t(o) = -o - 5. Let c be t(-9). Give k(c).
3
Let i be 5/(15/(-2))*-3. Suppose 3*j + 11 = -i*q - 2, q + 3*j + 11 = 0. Let z(o) be the first derivative of -o**3 - 2*o**2 - 2*o + 3. Calculate z(q).
-6
Let s(o) = -2*o**3 + o - 1. Let f be -2*(-3)/(-3) - -6. Suppose f*k + 2 - 6 = 0. Give s(k).
-2
Let s be 4/((-3)/(-27)*(4 - -2)). Let w(i) = -i**3 + 0*i**2 - 4 + 3*i**2 + 3*i**2. Give w(s).
-4
Let k be (-42)/8 - (-1)/4. Let d(c) = 2*c - 7. Let o(v) = 3*v - 13. Let m(p) = 5*d(p) - 3*o(p). Give m(k).
-1
Let o(z) = 1. Let k(d) = d - 4. Let g(s) = -k(s) - 6*o(s). Give g(-1).
-1
Let c(t) = 9*t**2 - 9*t**2 - 9 - t**2 - 10*t. Give c(-9).
0
Let m(d) = 5*d. Let x(r) = -r**2 - 3*r + 2. Let p be x(-3). What is m(p)?
10
Let o = 4 + -5. Let d be (1/o - -1)*-1. Let r(p) be the second derivative of -p**5/20 - p**4/12 + p**3/6 + p**2 + 5*p. Determine r(d).
2
Let b(u) = 4*u**2 + u + 1. Let d be (2/(-8) + 18/8)/(-1). Give b(d).
15
Let a(z) = z**2 + 65*z + z**2 - 2*z**3 + 1 + 61*z - 124*z. Determine a(-1).
3
Suppose -3*z = -8*z - 5. Let u be 6*(0/z - 1). Let x(r) = -2*r - 3. Determine x(u).
9
Let q(j) = 5*j + 3. Suppose 5*c = 7*c + 4. What is q(c)?
-7
Suppose 2*p - 5 = 5*c - p, 0 = 4*p - 20. Let u(d) = -6*d**2 - d - 1. Give u(c).
-27
Let w = 167 + -162. Let l(m) = m - 1. Let s(p) = 2*p - 2. Let j(b) = l(b) - s(b). Give j(w).
-4
Let s(y) = -y**2 - 6*y - 5. Let t be s(-4). Let u(i) = -9*i + 10*i - t + 5. Determine u(3).
5
Let u(c) = c - 1. Suppose -4*d + 0 = -16. Suppose -4*n = d*v + 4, -4*v + 3 = -5*n - 2. Give u(n).
-2
Suppose